be b(2). Calculate the highest common factor of w and 242.
22
Let w be (-76)/6 + 2/3. Let m be (-3)/w - (-92)/16. What is the highest common factor of m and 24?
6
Let b be (41 + -1)*4/10. Suppose 0 = -4*s + 256 + 192. What is the greatest common divisor of b and s?
16
Let c be (-1 - 0)*-1*4. Let j be (-30)/c*40/(-12). Suppose 4*w = 2*w + 10. What is the greatest common factor of j and w?
5
Suppose -t - 3*m + 4*m = -85, 2*t + 3*m = 195. Let f = 154 - t. Calculate the greatest common divisor of 16 and f.
16
Let k = 0 + 0. Suppose -j = -2*t - 46, j - 21 = t - k*t. Let h = -15 - t. Calculate the highest common factor of 40 and h.
10
Let a = 42 - 4. Let l = 78 - a. What is the greatest common factor of l and 5?
5
Let c(g) = -g**3 + 7*g**2 + 2*g - 7. Let l be c(8). Let h = 111 + l. Calculate the highest common divisor of h and 8.
8
Let y = -19 + 29. Let s = -5 + y. Calculate the greatest common divisor of s and 1.
1
Suppose 56 = 3*n - n. Let c = -43 - -24. Let d = n + c. Calculate the greatest common factor of d and 45.
9
Let s be (36/3 - -2)/1. Let l be (s/4)/((-5)/(-10)). Let u = 12 - l. Calculate the greatest common divisor of 2 and u.
1
Let t(f) = f - 5. Let o be t(7). Suppose -195 = -o*v - v. Calculate the greatest common factor of v and 26.
13
Let c = 68 - 38. Let f = c - 10. What is the highest common divisor of f and 220?
20
Suppose 4*s + 0*v - v = 224, s - 56 = -v. Calculate the highest common factor of s and 7.
7
Suppose 0 = -3*a + 4*o + 11, a - 2*o = 2 + 3. Suppose 0*f + 18 = 3*z + 3*f, 2*z - 13 = -3*f. Calculate the greatest common divisor of a and z.
1
Let q(k) = 0*k - 2*k + 1 + 2 - 1. Let h be q(-6). What is the greatest common factor of h and 56?
14
Let d = 28 - -5. Calculate the highest common factor of d and 3.
3
Let v(h) = -h. Let a be v(-2). Suppose 2*n - 4 - a = 0. Suppose 61 = -n*i + 313. Calculate the highest common divisor of 12 and i.
12
Let i be (-7 - (0 + 2))/(-1). Suppose 4*d = 6*v - 5*v + 180, 5*d - 3*v - 225 = 0. What is the highest common factor of i and d?
9
Let r = -45 - -61. Calculate the highest common divisor of 40 and r.
8
Let u = -3 + 6. Suppose 8*q = 3*q + 5. Let m(s) = 25*s**3 - 1. Let h be m(q). Calculate the highest common factor of u and h.
3
Suppose 1 = -z + 3. Suppose 0 = -z*t + 16 + 22. Let h = 33 - t. Calculate the greatest common factor of 35 and h.
7
Suppose -2*z + 4*s - 8 - 36 = 0, 2*s = 3*z + 62. Let h = -10 - z. Suppose 48 = 4*f - g - 3*g, 3*g = f - 16. Calculate the highest common factor of f and h.
10
Let h = -21 + 22. Calculate the highest common factor of h and 1.
1
Suppose -o = 4*n - 17, -3*o - 11 = -2*o - 3*n. Calculate the greatest common factor of 2 and o.
1
Let g(b) = 2*b + 2. Let p be g(6). Let h = -7 + 11. Suppose h*t = -0*t + 8. What is the greatest common factor of p and t?
2
Suppose 8 = 2*n - 6*n, 2*n + 76 = 3*i. What is the greatest common factor of i and 96?
24
Let m(q) = -23*q + 11. Let a be m(-5). Suppose g + 18 = a. Calculate the highest common divisor of 12 and g.
12
Suppose -a = -3 + 2. Let u be a/3 + (-118)/(-6). Calculate the highest common factor of 80 and u.
20
Let s = -6 - -35. Calculate the greatest common factor of s and 29.
29
Let p be (7 - 1)/((-1)/1). Let w be (-9)/p*(-4)/(-6). Let g be (w - -2)/(6/8). Calculate the greatest common divisor of 4 and g.
4
Let f be 2/(-8) - 21/(-4). Suppose f*q = 15 - 0. Suppose q = j - 1. What is the highest common factor of j and 16?
4
Let d = 61 + -28. What is the greatest common factor of 363 and d?
33
Let i = 4 + -4. Suppose -b + 3*x + 63 = i, b + 5*x - 163 + 60 = 0. Calculate the highest common divisor of b and 26.
26
Let u be (-294)/12 + (-3)/(-2). Let a = u - -149. Calculate the greatest common factor of 18 and a.
18
Let v = 13 + -8. Suppose -3*k = d - 102 - 173, -5*k = v*d - 465. Suppose 0 = 2*y + 3*y - 65. What is the greatest common divisor of y and k?
13
Let c be 1/6 + (-3948)/(-72). Suppose -r + 2*r - 1 = -v, -4*r + 16 = 0. Let z be (-130)/(-6) + (-1)/v. What is the highest common divisor of c and z?
11
Let i(s) = s + 21. Let z be i(-8). Calculate the highest common divisor of 52 and z.
13
Let h be 1/(-4) + 2807/28. Let t be (0 + 0)/2 - -40. Calculate the highest common factor of t and h.
20
Let r = 77 + -44. Calculate the highest common factor of r and 33.
33
Let m = 29 - 26. Let o(g) = 16*g - 5 - 1 + 4. Let x be o(m). What is the highest common factor of x and 23?
23
Suppose 5*v = 2*d + 34, v - 5*d = 15 + 1. Suppose v*k - 64 = 2*k. Suppose 0 = j - 5*j + 448. Calculate the greatest common factor of k and j.
16
Let a be (3/(-2))/((-3)/6). Let l = 16 - a. Let u(t) = t**3 - 3*t**2 + 9. Let b be u(6). What is the highest common factor of l and b?
13
Let c be 0 + 5 + -1 - (-7)/1. What is the greatest common factor of 33 and c?
11
Suppose -5*i = 14 + 41. Let u be 2/(2 + 21/i). What is the highest common divisor of 11 and u?
11
Suppose 4*s + 3*h + 1359 = -s, 0 = 5*s - h + 1367. Suppose -w - 870 = 4*w. Let t = w - s. Calculate the highest common divisor of t and 9.
9
Let z(m) = m**3 + 13*m**2 - 12*m + 19. Let t be z(-14). Let j be 52/6 + (-3)/t. Calculate the greatest common factor of 72 and j.
9
Let v(y) be the first derivative of -y**2/2 - 5*y - 1. Let a be v(-10). Calculate the highest common divisor of a and 45.
5
Let v(r) = r**3 - 6*r**2 + 1. Let a be v(8). Suppose 3*k + 0*s - a = -3*s, 5*k = 4*s + 260. Calculate the greatest common divisor of k and 6.
6
Let q be -24*(-1)/(9/6). Let l be (-2)/(-1*1/64). Calculate the highest common divisor of q and l.
16
Let w be (-1 + 41)/(0 - 10/(-55)). What is the highest common divisor of w and 20?
20
Let x(s) = s**3 - 3*s**2 - 3*s - 2. Let j be x(4). Let k be (32/(-6))/((-8)/12). Calculate the greatest common factor of k and j.
2
Suppose -2*j + 7*j - 10 = 0. Suppose -j = 5*s - 12. Suppose 3*u = 3*x - 18, x + s*u = -x + 28. Calculate the highest common divisor of 5 and x.
5
Let z(x) = 2*x**2 + 2. Let k be z(-3). What is the highest common factor of 140 and k?
20
Let x(d) = 2*d**2 - 14*d - 8. Let h be x(9). What is the highest common factor of 196 and h?
28
Let l(p) = -12*p. Suppose s + 5 = -4*c, -7*c = -2*c - 2*s + 3. Let q be l(c). Calculate the highest common divisor of 132 and q.
12
Let u be (-83)/(-2) + 18/(-12). Suppose 0 = -5*g - 4*x + 76, 3*g + 4*x - u = g. Calculate the highest common factor of g and 24.
12
Suppose 0 = 2*r - 4*r + 3*x + 28, -2*x - 24 = -2*r. Calculate the highest common factor of r and 2.
2
Suppose 2*l + 2*l = 24. What is the highest common factor of 48 and l?
6
Let g be (38/10)/((-9)/(-45)). Calculate the highest common divisor of 152 and g.
19
Let p(g) = 2*g**2 - 8*g + 3. Let n be p(7). What is the greatest common divisor of 30 and n?
15
Let z(a) = 4*a**3 - 2 - a**2 + 0*a + a + 2*a. Let r be z(2). Suppose 3*q - 34 = r. What is the highest common divisor of q and 2?
2
Let l be (-5)/3 + 5995/33. What is the highest common factor of 20 and l?
20
Suppose 5*h + 13 = m + h, -4*h = -3*m + 47. Suppose -3*f = 4*c - 331, 0 = -2*c - 2*f + 86 + 78. Calculate the highest common divisor of m and c.
17
Let p(n) = -n**2 + 5*n + 2. Let r be p(5). Calculate the highest common divisor of 2 and r.
2
Let v(g) = -g**2 + 13*g + 1. Let c be v(6). Suppose 13 = -p + c. What is the highest common divisor of p and 15?
15
Let n be -75*(4/6 + -1). What is the greatest common divisor of n and 10?
5
Let p(k) = k**3 - 6*k**2 - k + 5. Let j be p(6). Let t be (j - -12)/(-1 + 2). Let s be (33 + 0)/(15/10). What is the greatest common divisor of s and t?
11
Let z(c) = 5*c - 3. Let v be z(3). Suppose -2*m - 32 = -2*x - 6*m, -4*x = 5*m - 58. Suppose -3*o = -2*o - x. What is the highest common factor of o and v?
12
Suppose 2*s = s + 27. What is the greatest common divisor of 3 and s?
3
Suppose 5*f = 9 + 11. Suppose -2*k - 2*v = -6*v - f, 0 = -4*k - 3*v + 30. What is the highest common divisor of k and 54?
6
Suppose 10*i = 7*i + 15. Calculate the highest common divisor of i and 5.
5
Let f(b) = -11*b + 14. Let p be f(0). Let d(l) = -l**2 - l + 6. Let j be d(-5). Let w = 7 - j. Calculate the greatest common factor of p and w.
7
Let t be (-2 + 1 + 3)/(-1). Let n be 4*1*t/(-4). Let m be n - (81/(-3))/3. What is the highest common factor of m and 33?
11
Suppose 3*u - 4 = 2. Suppose 5*s = -101 + 306. Let 